{"id":1420,"date":"2025-08-25T15:00:26","date_gmt":"2025-08-25T15:00:26","guid":{"rendered":"https:\/\/jaapana.com\/project\/cadeirao-jaapana\/"},"modified":"2025-08-29T11:08:28","modified_gmt":"2025-08-29T11:08:28","slug":"cadeirao-jaapana","status":"publish","type":"project","link":"https:\/\/jaapana.com\/pt-pt\/project\/cadeirao-jaapana\/","title":{"rendered":"Cadeir\u00e3o JAAPANA"},"content":{"rendered":"\n<div class=\"wp-block-columns is-layout-flex wp-container-core-columns-is-layout-28f84493 wp-block-columns-is-layout-flex\">\n<div class=\"wp-block-column is-layout-flow wp-block-column-is-layout-flow\">\n<figure class=\"wp-block-image size-full\"><img loading=\"lazy\" decoding=\"async\" width=\"1920\" height=\"1079\" src=\"https:\/\/jaapana.com\/wp-content\/uploads\/2025\/08\/6_Cadeirao_jaapana1.jpg\" alt=\"\" class=\"wp-image-1304\" srcset=\"https:\/\/jaapana.com\/wp-content\/uploads\/2025\/08\/6_Cadeirao_jaapana1.jpg 1920w, https:\/\/jaapana.com\/wp-content\/uploads\/2025\/08\/6_Cadeirao_jaapana1-300x169.jpg 300w, https:\/\/jaapana.com\/wp-content\/uploads\/2025\/08\/6_Cadeirao_jaapana1-1024x575.jpg 1024w, https:\/\/jaapana.com\/wp-content\/uploads\/2025\/08\/6_Cadeirao_jaapana1-768x432.jpg 768w, https:\/\/jaapana.com\/wp-content\/uploads\/2025\/08\/6_Cadeirao_jaapana1-1536x863.jpg 1536w\" sizes=\"auto, (max-width: 1920px) 100vw, 1920px\" \/><\/figure>\n<\/div>\n<\/div>\n\n<div class=\"wp-block-columns is-layout-flex wp-container-core-columns-is-layout-45c10ec9 wp-block-columns-is-layout-flex\" style=\"margin-top:var(--wp--preset--spacing--60);margin-bottom:var(--wp--preset--spacing--60)\">\n<div class=\"wp-block-column is-layout-flow wp-container-core-column-is-layout-f5bb311e wp-block-column-is-layout-flow\" style=\"flex-basis:100%\">\n<p class=\"has-medium-font-size\" style=\"margin-right:var(--wp--preset--spacing--40);margin-left:var(--wp--preset--spacing--40)\">O cadeir\u00e3o JAAPANA afirma-se como uma pe\u00e7a escult\u00f3rica funcional que transporta, para um objeto utilit\u00e1rio, a mesma for\u00e7a visual da obra pl\u00e1stica. <\/p>\n\n\n\n<p class=\"has-medium-font-size\" style=\"margin-right:var(--wp--preset--spacing--40);margin-left:var(--wp--preset--spacing--40)\">A Jaapana interv\u00e9m sobre uma estrutura cl\u00e1ssica com imagens ic\u00f3nicas da hist\u00f3ria da arte, cruzando-as com elementos gr\u00e1ficos e simb\u00f3licos contempor\u00e2neos. O resultado \u00e9 um manifesto visual de identidade, ironia e apropria\u00e7\u00e3o.<\/p>\n<\/div>\n<\/div>\n\n<div class=\"wp-block-columns is-layout-flex wp-container-core-columns-is-layout-28f84493 wp-block-columns-is-layout-flex\">\n<div class=\"wp-block-column is-layout-flow wp-block-column-is-layout-flow\">\n<figure class=\"wp-block-image size-full\"><img loading=\"lazy\" decoding=\"async\" width=\"1920\" height=\"1079\" src=\"https:\/\/jaapana.com\/wp-content\/uploads\/2025\/08\/6_Cadeirao_jaapana2.jpg\" alt=\"\" class=\"wp-image-1306\" srcset=\"https:\/\/jaapana.com\/wp-content\/uploads\/2025\/08\/6_Cadeirao_jaapana2.jpg 1920w, https:\/\/jaapana.com\/wp-content\/uploads\/2025\/08\/6_Cadeirao_jaapana2-300x169.jpg 300w, https:\/\/jaapana.com\/wp-content\/uploads\/2025\/08\/6_Cadeirao_jaapana2-1024x575.jpg 1024w, https:\/\/jaapana.com\/wp-content\/uploads\/2025\/08\/6_Cadeirao_jaapana2-768x432.jpg 768w, https:\/\/jaapana.com\/wp-content\/uploads\/2025\/08\/6_Cadeirao_jaapana2-1536x863.jpg 1536w\" sizes=\"auto, (max-width: 1920px) 100vw, 1920px\" \/><\/figure>\n<\/div>\n<\/div>\n\n<div class=\"wp-block-columns is-layout-flex wp-container-core-columns-is-layout-28f84493 wp-block-columns-is-layout-flex\">\n<div class=\"wp-block-column is-layout-flow wp-block-column-is-layout-flow\">\n<figure class=\"wp-block-image size-full\"><img loading=\"lazy\" decoding=\"async\" width=\"1920\" height=\"1079\" src=\"https:\/\/jaapana.com\/wp-content\/uploads\/2025\/08\/6_Cadeirao_jaapana3.jpg\" alt=\"\" class=\"wp-image-1308\" srcset=\"https:\/\/jaapana.com\/wp-content\/uploads\/2025\/08\/6_Cadeirao_jaapana3.jpg 1920w, https:\/\/jaapana.com\/wp-content\/uploads\/2025\/08\/6_Cadeirao_jaapana3-300x169.jpg 300w, https:\/\/jaapana.com\/wp-content\/uploads\/2025\/08\/6_Cadeirao_jaapana3-1024x575.jpg 1024w, https:\/\/jaapana.com\/wp-content\/uploads\/2025\/08\/6_Cadeirao_jaapana3-768x432.jpg 768w, https:\/\/jaapana.com\/wp-content\/uploads\/2025\/08\/6_Cadeirao_jaapana3-1536x863.jpg 1536w\" sizes=\"auto, (max-width: 1920px) 100vw, 1920px\" \/><\/figure>\n<\/div>\n<\/div>\n","protected":false},"excerpt":{"rendered":"<p>Um manifesto visual de identidade, ironia e apropria\u00e7\u00e3o.<\/p>\n","protected":false},"featured_media":1303,"template":"","meta":[],"project-category":[16],"class_list":["post-1420","project","type-project","status-publish","has-post-thumbnail","hentry"],"aioseo_notices":[],"_links":{"self":[{"href":"https:\/\/jaapana.com\/pt-pt\/wp-json\/wp\/v2\/project\/1420","targetHints":{"allow":["GET"]}}],"collection":[{"href":"https:\/\/jaapana.com\/pt-pt\/wp-json\/wp\/v2\/project"}],"about":[{"href":"https:\/\/jaapana.com\/pt-pt\/wp-json\/wp\/v2\/types\/project"}],"wp:featuredmedia":[{"embeddable":true,"href":"https:\/\/jaapana.com\/pt-pt\/wp-json\/wp\/v2\/media\/1303"}],"wp:attachment":[{"href":"https:\/\/jaapana.com\/pt-pt\/wp-json\/wp\/v2\/media?parent=1420"}],"wp:term":[{"taxonomy":"project-category","embeddable":true,"href":"https:\/\/jaapana.com\/pt-pt\/wp-json\/wp\/v2\/project-category?post=1420"}],"curies":[{"name":"wp","href":"https:\/\/api.w.org\/{rel}","templated":true}]}}

Cadeirão JAAPANA

<div class="wp-block-columns is-layout-flex wp-container-core-columns-is-layout-28f84493 wp-block-columns-is-layout-flex">
<div class="wp-block-column is-layout-flow wp-block-column-is-layout-flow">
<figure class="wp-block-image size-full"><img loading="lazy" decoding="async" width="1920" height="1079" src="https://jaapana.com/wp-content/uploads/2025/08/6_Cadeirao_jaapana1.jpg" alt="" class="wp-image-1304" srcset="https://jaapana.com/wp-content/uploads/2025/08/6_Cadeirao_jaapana1.jpg 1920w, https://jaapana.com/wp-content/uploads/2025/08/6_Cadeirao_jaapana1-300x169.jpg 300w, https://jaapana.com/wp-content/uploads/2025/08/6_Cadeirao_jaapana1-1024x575.jpg 1024w, https://jaapana.com/wp-content/uploads/2025/08/6_Cadeirao_jaapana1-768x432.jpg 768w, https://jaapana.com/wp-content/uploads/2025/08/6_Cadeirao_jaapana1-1536x863.jpg 1536w" sizes="auto, (max-width: 1920px) 100vw, 1920px" /></figure>
</div>
</div>

<div class="wp-block-columns is-layout-flex wp-container-core-columns-is-layout-45c10ec9 wp-block-columns-is-layout-flex" style="margin-top:var(--wp--preset--spacing--60);margin-bottom:var(--wp--preset--spacing--60)">
<div class="wp-block-column is-layout-flow wp-container-core-column-is-layout-f5bb311e wp-block-column-is-layout-flow" style="flex-basis:100%">
<p class="has-medium-font-size" style="margin-right:var(--wp--preset--spacing--40);margin-left:var(--wp--preset--spacing--40)">O cadeirão JAAPANA afirma-se como uma peça escultórica funcional que transporta, para um objeto utilitário, a mesma força visual da obra plástica. </p>



<p class="has-medium-font-size" style="margin-right:var(--wp--preset--spacing--40);margin-left:var(--wp--preset--spacing--40)">A Jaapana intervém sobre uma estrutura clássica com imagens icónicas da história da arte, cruzando-as com elementos gráficos e simbólicos contemporâneos. O resultado é um manifesto visual de identidade, ironia e apropriação.</p>
</div>
</div>

<div class="wp-block-columns is-layout-flex wp-container-core-columns-is-layout-28f84493 wp-block-columns-is-layout-flex">
<div class="wp-block-column is-layout-flow wp-block-column-is-layout-flow">
<figure class="wp-block-image size-full"><img loading="lazy" decoding="async" width="1920" height="1079" src="https://jaapana.com/wp-content/uploads/2025/08/6_Cadeirao_jaapana2.jpg" alt="" class="wp-image-1306" srcset="https://jaapana.com/wp-content/uploads/2025/08/6_Cadeirao_jaapana2.jpg 1920w, https://jaapana.com/wp-content/uploads/2025/08/6_Cadeirao_jaapana2-300x169.jpg 300w, https://jaapana.com/wp-content/uploads/2025/08/6_Cadeirao_jaapana2-1024x575.jpg 1024w, https://jaapana.com/wp-content/uploads/2025/08/6_Cadeirao_jaapana2-768x432.jpg 768w, https://jaapana.com/wp-content/uploads/2025/08/6_Cadeirao_jaapana2-1536x863.jpg 1536w" sizes="auto, (max-width: 1920px) 100vw, 1920px" /></figure>
</div>
</div>

<div class="wp-block-columns is-layout-flex wp-container-core-columns-is-layout-28f84493 wp-block-columns-is-layout-flex">
<div class="wp-block-column is-layout-flow wp-block-column-is-layout-flow">
<figure class="wp-block-image size-full"><img loading="lazy" decoding="async" width="1920" height="1079" src="https://jaapana.com/wp-content/uploads/2025/08/6_Cadeirao_jaapana3.jpg" alt="" class="wp-image-1308" srcset="https://jaapana.com/wp-content/uploads/2025/08/6_Cadeirao_jaapana3.jpg 1920w, https://jaapana.com/wp-content/uploads/2025/08/6_Cadeirao_jaapana3-300x169.jpg 300w, https://jaapana.com/wp-content/uploads/2025/08/6_Cadeirao_jaapana3-1024x575.jpg 1024w, https://jaapana.com/wp-content/uploads/2025/08/6_Cadeirao_jaapana3-768x432.jpg 768w, https://jaapana.com/wp-content/uploads/2025/08/6_Cadeirao_jaapana3-1536x863.jpg 1536w" sizes="auto, (max-width: 1920px) 100vw, 1920px" /></figure>
</div>
</div>

<p>Um manifesto visual de identidade, ironia e apropriação.</p>
